 - -14 - (-1 + -1) - -2 - 3.
5
Calculate 13 + (9 - 1 - 6) + -1.
14
Calculate (-3 - 2) + -1 + 1 + -1.
-6
Calculate 17 + -47 + -6 - -40.
4
-10 + (-4 - 1) - (16 - 14)
-17
Evaluate 0 + 1 + (20 - 20 - 3) - 2.
-4
What is the value of -26 + -13 + 31 - (-2 + 1 - -2)?
-9
What is -21 + 21 + -3 - (-11 + 0)?
8
Calculate 27 - (13 - (44 + -31)).
27
-26 - (3 - -6 - 14)
-21
Calculate -1 + -1 + 9 + -3 - 13.
-9
What is 234 + -184 + 3 + -50?
3
Evaluate -37 + 41 + (14 - (3 + 3)).
12
Evaluate (3 - 1) + -9 - (5 + -8).
-4
What is 3 + (-18 - -17 - (0 - -1 - 6))?
7
What is ((3 - 7) + -13 - -15) + (0 - 0)?
-2
What is (2 - -20) + (-249 - -239)?
12
-16 - (-3 + -22 + 11)
-2
Calculate (-9 - (-13 - -16 - -1)) + -11.
-24
What is 3 + 13 + -3 + -3 + 13?
23
7 + -12 + 1 + 20
16
Calculate 6 + (-17 - (-15 - (-26 - -17))).
-5
What is (-12 + 5 - -13) + 1?
7
Evaluate (3 - (-2 - 0)) + 16 + -9 + -32.
-20
What is -20 + 13 + 5 - -6?
4
What is the value of (-2 - (0 + (-2 - -1 - 6))) + -6?
-1
What is 13 - (-5 + 14 - -15)?
-11
Calculate 5 + -2 + 18 - (35 + 14 - 48).
20
12 + -16 - (0 - 16 - -6 - -6)
0
Evaluate -11 + -11 + 26 + 1 + -7.
-2
What is the value of -1 + (5 + 2 - 16) + 3?
-7
Evaluate 29 + -9 - (-20 + 27).
13
What is 13 + (-2 + 1 - 3)?
9
Calculate -6 + 5 + 6 + -3 + -2 - -12.
12
What is 11 - ((-16 - (8 - 60)) + 9)?
-34
What is the value of 7 + (7 + -7 + 11 - 12) - 30?
-24
Evaluate 36 + -29 - (0 + -2 + (3 - -17)).
-11
37 - (-12 + 13 + 31)
5
-11 + 11 + (9 - 12) - -2
-1
What is the value of -21 - (-18 - (-6 + 3))?
-6
What is 14 - 5 - (-107 - -146)?
-30
What is 36 + -1 + -2225 + 2153?
-37
What is -36 + -4 + 8 + 12 - (-1 + -9)?
-10
What is the value of -1 + 5 + (173 - 175) + -7 + -14?
-19
Evaluate 1 + -1 + (-4 + 28 - 32).
-8
What is 1 + (94 + -135 - (3 + -15))?
-28
(30 - -12) + -8 + -33
1
What is 20 - -1 - (-15 - (-23 - -6))?
19
(-5 + 0 - -48) + -58 + 41
26
Evaluate 6 - (-8 + -4 + 12 + -8).
14
Evaluate -26 - (0 - -2 - (336 + -324)).
-16
What is the value of (2 - -6) + (8 + -6 - 23)?
-13
Calculate (0 - 42) + (-32 - -47) + 11.
-16
What is 15 - (8 + (-9 - -5) + 2)?
9
What is the value of -3 + (-34 - -16) + 15?
-6
What is 5 + -3 + 1 + -5 + -4?
-6
What is the value of -582 + 576 + (1 - 10)?
-15
Calculate -25 + -13 + 34 + 44.
40
What is (-35 - -38) + (1 - -4) + -35 - -6?
-21
-33 + 23 + 36 - (2 - -9)
15
What is -30 + 0 + 18 + 2?
-10
Calculate 69 + -122 + 31 + (-6 - 1).
-29
What is -14 + 20 + (-2 - 0) + 0 - 9?
-5
What is the value of 8 + (-6 - -5) + -2 + 4?
9
(-16 - 14) + 54 + 3 + -3
24
What is the value of 11 + (-6 - -20 - (-8 + 21))?
12
Evaluate 0 + 8 + (2 - -14) + -12.
12
What is the value of 2 + 4 - (-1 + 2) - 10?
-5
What is -2 - 2 - (6 + -6 - -8)?
-12
What is the value of -1 - 21 - (-13 - (-49 - -37))?
-21
What is (9 + 1 - 1) + (468 - 465)?
12
What is the value of -4 - 1 - (58 - (26 - -13))?
-24
What is the value of -41 - -12 - (11 + -29)?
-11
Evaluate -3 - -13 - (-9 + 10 + 43).
-34
Calculate -3 - -7 - (-27 - -11 - (-14 + 2)).
8
Calculate -14 - 15 - -8 - 9.
-30
Calculate (-2 - -6) + -22 + -5 + 12 + -13.
-24
Evaluate ((-21 - -28) + (1 - 1) - 5) + 3.
5
What is -32 - -37 - (12 - -4)?
-11
Calculate (-1 - 2) + 0 + -226 + 217.
-12
Calculate 2 - ((0 - -4) + -27 + 35).
-10
-42 + (47 - (-25 + 44))
-14
Evaluate -12 + (0 + -2 + 2 - -5).
-7
(10 - 8) + (-10 - 8)
-16
-10 - (-4 + 17 - 26) - 10
-7
Evaluate 10 + (0 + -6 - 6).
-2
What is (6 - 7) + 13 + -3 + -8 + 3?
4
What is the value of (3 - -9 - (7 - 12)) + -14?
3
-36 + (17 - 18) - -58
21
What is the value of (41 - 0) + (-11 - -30) + -33?
27
Calculate 7 + -10 + -4 + 2 + 8 + 5.
8
What is 13 - (37 - (-20 + 59) - (-1 - -7))?
21
-23 - (-5 - 5) - (0 + 3 + -10)
-6
Evaluate -22 + -3 - (-4 - (1 - -3 - 0)).
-17
What is the value of -8 - (-25 - (22 + -49) - (0 + -13))?
-23
-7 + (13 - 13) + 1 + -11
-17
Evaluate -5 - (12 - 25 - (-8 + 2)) - -9.
11
(1 - 3) + 0 - 5 - (-242 + 252)
-17
-16 - ((-5 - -21) + -45)
13
Calculate 0 - -8 - (96 - 103) - 12.
3
What is (-1 - -2) + (3 + 5 - 10)?
-1
Calculate 27 + -19 + 4 + -19 + -20 - 8.
-35
(3 - 1) + (-14 + 21 - -10)
19
Calculate 7 - (11 + -26 + 15).
7
What is -1 - -9 - ((-40 - (21 - 19)) + 18)?
32
Calculate 11 - (-18 - -12) - (-7 - -6).
18
What is the value of (-2 - 15) + (57 - 50)?
-10
Evaluate -10 + -5 - -10 - -8.
3
What is the value of 46 - 55 - (-2 - 8) - (6 + -1)?
-4
24 - (-10 + 16) - (11 - 3)
10
Evaluate (-10 - (-9 + 6)) + (2 - 0).
-5
What is 19 - (26 - -2) - -16?
7
0 - (-1 + -2 - (-5 - -3)) - -20
21
What is -9 + 1 - (118 - 115) - 11?
-22
Evaluate (2 - -8) + 136 + -140.
6
Evaluate 75 + -80 + 0 + (3 - 0) + -4.
-6
Evaluate -11 - -16 - 19 - -8.
-6
What is (-18 - -22) + 10 - 0?
14
What is the value of (-11 + -1 - 1) + -6 + 16 + -7?
-10
What is (-4 - (2 - 0)) + 16 + (-15 - -2)?
-3
What is (-28 - -11) + -1 + 1?
-17
Calculate 10 + -8 - (5 - 6).
3
What is the value of (2 - 2) + 6 - (24 - (11 - -7))?
0
Calculate 0 + (26 - -1 - 46).
-19
7 - (36 + -50) - (1 + 1)
19
What is the value of -1 + -5 - (-2 + (-4 - -4))?
-4
-5 - (4 + -23 + -2)
16
Calculate 6 + (6 + 1 - (-18 + 24)) + 7.
14
What is the value of (-250 - -247) + -19 + 1 + -2?
-23
Calculate (-2 - (-17 - 1)) + -1 + -15.
0
Calculate 13 - (12 - ((-8 - -24) + -48)).
-31
Calculate 22 + 0 - (-13 + (2 - (-24 - -4))).
13
Evaluate (4 - (-4 - -6)) + (-2 - (-6 - -15)).
-9
-10 - (-17 + (12 - -9))
-14
-22 + (6 - (-1 + 2 - 2 - -2))
-17
What is -12 - (-12 - 27 - -16)?
11
What is (3 - (-4 - 27)) + (20 + -13 - 11)?
30
Calculate (-2 - -7) + -1 - (290 - 275).
-11
Calculate 13 + -5 + -15 + 10 - 8.
-5
Evaluate 26 + -22 + (12 - 8).
8
19 + -42 - 11 - -16
-18
What is (7 - (10 - 3) - 15) + 28?
13
What is the value of 6 - (1 - (-6 + (10 - 9)))?
0
What is the value of 0 - -4 - (-146 - -163)?
-13
What is the value of -173 + 155 - (-1 + -29)?
12
Evaluate 1 + -23 + -411 + 422.
-11
What is the value of (8 + (0 - 7) - -7) + 0 + -12?
-4
Evaluate (-397 - -359) + 0 + 22.
-16
What is 0 + 1 - 0 - (-8 - -12 - 6)?
3
Evaluate -13 - (-3 + 9 - (6 + 3 + -1)).
-11
Evaluate -530 - -527 - (2 - 17).
12
What is 25 - (77 + -24) - -30?
2
Evaluate -46 + 16 + 14 - -21 - (3 - -5).
-3
2 - (18 + -8 + -8)
0
(3 - 4 - -8) + -8 + -3 + 17
13
Calculate (-5 + 9 - 2) + 14.
16
Evaluate 16 + 13 + -13 + 7 + -2 + -6.
15
Calculate 0 + 10 + -15 + 4.
-1
Evaluate 30 - 9 - (-37 - -44).
14
Evaluate -1 + 20 - (5 + -2 - -4).
12
What is the value of 19 - (2 + 7 - 30) - 14?
26
What is the value of 5 + (71 - 79 - (2 + -11))?
6
Evaluate -9 - (-8 - (-38 + 16)).
-23
What is the value of -429 + 432 + (-31 - (0 + 2))?
-30
What is the value of -18 + (18 - 10) + -3 - -44?
31
(1 - 22) + -12 + 12 - (0 + -6)
-15
Evaluate 1 - (-17 - (-14 + -1)) - 22.
-19
Calculate 3 + (28 - 34) + (-2 + 1 - -7).
3
Evaluate 2 + (-30 - -14) + 9.
-5
Calculate 13 + -21 + 16 - (9 - 2).
1
Evaluate -11 + -5 + (4 - -19).
7
1 + -14 + (55 - 29)
13
Evaluate -253 - -260 - (0 - -7).
0
What is -182 + 189 - (-3 - 0 - (-18 - 2))?
-10
-15 - ((-8 + 16 - 8) + 3)
-18
Evaluate 10 + (-2 + -2 - 1 - 2) - 16.
-13
What is the value of -1 + -2 + (2 - -5) - (21 - 27)?
10
What is -7 + (10 - (-20 - -30)) + -1 + 9?
1
What is the value of -12 + 25 - ((-1 - 3 - 3) + 2)?
18
What is the value of (10 - (7 + (14 - 4))) + -1 + 2?
-6
(15 + 8 + -16 - 0) + -18
-11
-3 - 0 - ((-23 - -33) + -2)
-11
Evaluate 8 + 3 + 1 - 4.
8
What is (9 + 4 - -8 - 0) + -16?
5
Calculate -16 - -9 - (1 + -3 - 9).
4
What is -15 + 17 + -20 + -2?
-20
What is the value of -3 + (-4 - -1) + 4 + -3 + 2?
-3
-6 + (6 - 2) + (-3 - -23) - 6
12
13 + 1 - (-25 - (-35 - -8))
12
Evaluate -2 + 10 + 5 + 0.
13
Calculate 5 - (3 + -11 + 13).
0
What is -1 + -5 - (2 + 2) - -3?
-7
What is the value of (-7 - -16 - 7) + 0?
2
-23 + -80 + 100 - ((0 - -1) + -10)
6
Calculate (-2 + (7 - 4) + -3 - -25) + -5.
18
What is the value of -10 - (5 + -1 + -3 + -7 - -12)?
-16
Evaluate 25 + (-35 - -1) + 13 + 13.
17
What is (-1137 - -1127) + (1 - 1)?
-10
Evaluate 0 + 12 + -10 + 1 + 3 - 11.
-5
Evaluate -2 + 1 + 7 + 4 + 8 + -7.
11
Calculate 13 - (-11 + 8 + -5 + 10).
11
What is the value of -8 - (1 - -11) - -29?
9
Evaluate (-2 + -2 - 2) + 110 + -110.
-6
What is the value of (3 - 2) + (-13 - -28)?
16
2 + -1 + 4 + (-14 - (-8 + -29))
28
Calculate -4 - 8 - 32 - -20.
-24
What is the value of -1906 + 1885 - (-41 - 1)?
21
Calculate -4 + -14 - (2 - 0).
-20
(-7 - 0 - (14 + -9 - 12)) + 7
7
Calculate (-7 - 